NOAA-Style Climate Reports


Report for 2024 April
                   Monthly Climatological Summary for Apr 2024

Name: Stonybrook South   City: Omaha   State: NE
Elevation: 1142 ft  Lat: N 41° 11' 21"   Lon: W 096° 07' 48"

                  Temperature (°F), Rain (in), Wind Speed (mph)

                                      Heat  Cool        Avg
    Mean                              Deg   Deg         Wind                 Dom
Day Temp  High   Time   Low    Time   Days  Days  Rain  Speed High   Time    Dir
----------------------------------------------------------------------------------
01  46.3  48.6   01:07  40.1   23:14  18.7   0.0  0.00   4.8  18.0   00:00    NE
02  44.4  55.7   17:06  37.6   06:45  20.6   0.0  0.01   5.9  32.0   18:32   NNW
03  44.8  54.0   16:28  36.3   08:03  20.2   0.0  0.00   6.5  25.0   12:38    NW
04  46.3  59.6   17:36  32.5   07:14  18.7   0.0  0.00   3.1  17.0   16:01   NNW
05  49.1  63.4   16:30  35.3   07:16  15.9   0.0  0.00   4.1  21.0   16:20   ESE
06  52.3  67.4   15:48  40.1   07:15  12.8   0.1  0.12   9.0  35.0   15:10   ESE
07  53.7  61.4   15:14  47.4   05:53  11.3   0.0  0.00   7.2  33.0   12:36   SSW
08  52.5  66.2   17:01  40.9   07:21  12.5   0.0  0.00   5.7  28.0   16:38   WSW
09  52.9  69.1   16:41  35.5   06:38  12.7   0.6  0.00   3.0  18.0   12:29   WSW
10  58.5  75.0   15:34  41.9   06:46   8.6   2.1  0.00   3.3  21.0   20:58   WNW
11  52.7  61.4   17:07  43.5   07:05  12.3   0.0  0.00   6.2  35.0   11:41    NW
12  54.1  68.9   17:48  39.4   07:00  11.3   0.5  0.00   2.5  13.0   02:27     W
----------------------------------------------------------------------------------
    50.6  75.0    10    32.5     4   175.6   3.3  0.13   5.1  35.0     6      NW

Max >=  80.0  0
Max <=  32.0  0
Min <=  32.0  0
Min <=   0.0  0
Max Rain: 0.12 on day 6
Days of Rain: 2 (>= 0.01 in)  1 (>= 0.10 in)  0 (>= 1.00 in)
Heat Base: 65.0  Cool Base: 65.0  Method: Integration